{"id":1081,"date":"2022-11-10T02:05:09","date_gmt":"2022-11-10T01:05:09","guid":{"rendered":"https:\/\/francetteaventures.fr\/?page_id=1081"},"modified":"2022-11-10T02:20:11","modified_gmt":"2022-11-10T01:20:11","slug":"activites","status":"publish","type":"page","link":"https:\/\/francetteaventures.fr\/index.php\/activites\/","title":{"rendered":"Activit\u00e9s"},"content":{"rendered":"\n<div class=\"wp-block-query alignwide is-layout-constrained wp-block-query-is-layout-constrained\"><ul class=\"alignwide wp-block-post-template is-layout-flow wp-block-post-template-is-layout-flow\"><li class=\"wp-block-post post-2086 post type-post status-publish format-standard has-post-thumbnail hentry category-activites category-restaurants category-culture\">\n\n<div class=\"wp-block-group is-layout-constrained wp-block-group-is-layout-constrained\"><h2 class=\"alignwide wp-block-post-title has-var-wp-custom-typography-font-size-huge-clamp-2-25-rem-4-vw-2-75-rem-font-size\"><a href=\"https:\/\/francetteaventures.fr\/index.php\/2023\/11\/03\/visite-du-centre-dinterpretation-paul-gauguin\/\" target=\"_self\" >Visite du Centre d&rsquo;interpr\u00e9tation Paul Gauguin<\/a><\/h2>\n\n<figure style=\"margin-top:calc(1.75 * var(--wp--style--block-gap));\" class=\"alignwide wp-block-post-featured-image\"><a href=\"https:\/\/francetteaventures.fr\/index.php\/2023\/11\/03\/visite-du-centre-dinterpretation-paul-gauguin\/\" target=\"_self\"  ><img loading=\"lazy\" decoding=\"async\" width=\"1920\" height=\"2560\" src=\"https:\/\/francetteaventures.fr\/wp-content\/uploads\/2023\/11\/IMG_8201-scaled.jpeg\" class=\"attachment-post-thumbnail size-post-thumbnail wp-post-image\" alt=\"Visite du Centre d&rsquo;interpr\u00e9tation Paul Gauguin\" style=\"object-fit:cover;\" srcset=\"https:\/\/francetteaventures.fr\/wp-content\/uploads\/2023\/11\/IMG_8201-scaled.jpeg 1920w, https:\/\/francetteaventures.fr\/wp-content\/uploads\/2023\/11\/IMG_8201-scaled-600x800.jpeg 600w, https:\/\/francetteaventures.fr\/wp-content\/uploads\/2023\/11\/IMG_8201-225x300.jpeg 225w, https:\/\/francetteaventures.fr\/wp-content\/uploads\/2023\/11\/IMG_8201-768x1024.jpeg 768w, https:\/\/francetteaventures.fr\/wp-content\/uploads\/2023\/11\/IMG_8201-1152x1536.jpeg 1152w, https:\/\/francetteaventures.fr\/wp-content\/uploads\/2023\/11\/IMG_8201-1536x2048.jpeg 1536w\" sizes=\"auto, (max-width: 1920px) 100vw, 1920px\" \/><\/a><\/figure>\n\n\n<div class=\"wp-block-columns alignwide is-layout-flex wp-container-core-columns-is-layout-28f84493 wp-block-columns-is-layout-flex\">\n<div class=\"wp-block-column is-layout-flow wp-block-column-is-layout-flow\" style=\"flex-basis:650px\"><div class=\"wp-block-post-excerpt\"><p class=\"wp-block-post-excerpt__excerpt\">Ce petit mus\u00e9e est une p\u00e9pite et notre h\u00f4tesse nous a captiv\u00e9s ! Jour de pluie, encore&#8230;. Mais jour joyeux, c&rsquo;est l&rsquo;anniversaire de ma fille Elodie, je pense fort \u00e0 elle ! Nous partons visiter le Mus\u00e9e Paul Gauguin ferm\u00e9 lors de notre dernier passage. Nos amis, Anne et Patrick, nous accompagnent. Le mus\u00e9e est\u2026 <\/p><\/div>\n\n<div style=\"font-style:italic;font-weight:400;\" class=\"wp-block-post-date has-small-font-size\"><time datetime=\"2023-11-03T19:40:29+01:00\"><a href=\"https:\/\/francetteaventures.fr\/index.php\/2023\/11\/03\/visite-du-centre-dinterpretation-paul-gauguin\/\">novembre 3, 2023<\/a><\/time><\/div><\/div>\n\n\n\n<div class=\"wp-block-column is-layout-flow wp-block-column-is-layout-flow\"><\/div>\n<\/div>\n\n\n\n<div style=\"height:16px\" aria-hidden=\"true\" class=\"wp-block-spacer\"><\/div>\n\n\n\n<hr class=\"wp-block-separator has-css-opacity alignwide is-style-wide\"\/>\n\n\n\n<div style=\"height:16px\" aria-hidden=\"true\" class=\"wp-block-spacer\"><\/div>\n<\/div>\n\n<\/li><li class=\"wp-block-post post-2031 post type-post status-publish format-standard has-post-thumbnail hentry category-activites category-restaurants\">\n\n<div class=\"wp-block-group is-layout-constrained wp-block-group-is-layout-constrained\"><h2 class=\"alignwide wp-block-post-title has-var-wp-custom-typography-font-size-huge-clamp-2-25-rem-4-vw-2-75-rem-font-size\"><a href=\"https:\/\/francetteaventures.fr\/index.php\/2023\/11\/01\/restaurant-le-moulin-a-cannes-chez-depaz\/\" target=\"_self\" >Restaurant Le Moulin \u00e0 Cannes chez Depaz<\/a><\/h2>\n\n<figure style=\"margin-top:calc(1.75 * var(--wp--style--block-gap));\" class=\"alignwide wp-block-post-featured-image\"><a href=\"https:\/\/francetteaventures.fr\/index.php\/2023\/11\/01\/restaurant-le-moulin-a-cannes-chez-depaz\/\" target=\"_self\"  ><img loading=\"lazy\" decoding=\"async\" width=\"2560\" height=\"1440\" src=\"https:\/\/francetteaventures.fr\/wp-content\/uploads\/2023\/11\/IMG_5055-scaled.jpg\" class=\"attachment-post-thumbnail size-post-thumbnail wp-post-image\" alt=\"Restaurant Le Moulin \u00e0 Cannes chez Depaz\" style=\"object-fit:cover;\" srcset=\"https:\/\/francetteaventures.fr\/wp-content\/uploads\/2023\/11\/IMG_5055-scaled.jpg 2560w, https:\/\/francetteaventures.fr\/wp-content\/uploads\/2023\/11\/IMG_5055-scaled-600x338.jpg 600w, https:\/\/francetteaventures.fr\/wp-content\/uploads\/2023\/11\/IMG_5055-300x169.jpg 300w, https:\/\/francetteaventures.fr\/wp-content\/uploads\/2023\/11\/IMG_5055-1024x576.jpg 1024w, https:\/\/francetteaventures.fr\/wp-content\/uploads\/2023\/11\/IMG_5055-768x432.jpg 768w, https:\/\/francetteaventures.fr\/wp-content\/uploads\/2023\/11\/IMG_5055-1536x864.jpg 1536w, https:\/\/francetteaventures.fr\/wp-content\/uploads\/2023\/11\/IMG_5055-2048x1152.jpg 2048w, https:\/\/francetteaventures.fr\/wp-content\/uploads\/2023\/11\/IMG_5055-scaled-2000x1125.jpg 2000w\" sizes=\"auto, (max-width: 2560px) 100vw, 2560px\" \/><\/a><\/figure>\n\n\n<div class=\"wp-block-columns alignwide is-layout-flex wp-container-core-columns-is-layout-28f84493 wp-block-columns-is-layout-flex\">\n<div class=\"wp-block-column is-layout-flow wp-block-column-is-layout-flow\" style=\"flex-basis:650px\"><div class=\"wp-block-post-excerpt\"><p class=\"wp-block-post-excerpt__excerpt\">Nous allons peu dans le Nord de cette belle \u00eele de Martinique depuis quelques semaines, \u00e0 cause des pluies parfois intenses que nous subissons. Ce matin, exceptionnellement, ciel bleu, c&rsquo;est le moment d&rsquo;aller mettre le nez dehors un peu plus loin qu&rsquo;au fond du jardin. Sur la route, nous avons la chance de voir la\u2026 <\/p><\/div>\n\n<div style=\"font-style:italic;font-weight:400;\" class=\"wp-block-post-date has-small-font-size\"><time datetime=\"2023-11-01T02:05:39+01:00\"><a href=\"https:\/\/francetteaventures.fr\/index.php\/2023\/11\/01\/restaurant-le-moulin-a-cannes-chez-depaz\/\">novembre 1, 2023<\/a><\/time><\/div><\/div>\n\n\n\n<div class=\"wp-block-column is-layout-flow wp-block-column-is-layout-flow\"><\/div>\n<\/div>\n\n\n\n<div style=\"height:16px\" aria-hidden=\"true\" class=\"wp-block-spacer\"><\/div>\n\n\n\n<hr class=\"wp-block-separator has-css-opacity alignwide is-style-wide\"\/>\n\n\n\n<div style=\"height:16px\" aria-hidden=\"true\" class=\"wp-block-spacer\"><\/div>\n<\/div>\n\n<\/li><li class=\"wp-block-post post-1084 post type-post status-publish format-standard has-post-thumbnail hentry category-activites category-tableaux\">\n\n<div class=\"wp-block-group is-layout-constrained wp-block-group-is-layout-constrained\"><h2 class=\"alignwide wp-block-post-title has-var-wp-custom-typography-font-size-huge-clamp-2-25-rem-4-vw-2-75-rem-font-size\"><a href=\"https:\/\/francetteaventures.fr\/index.php\/2022\/11\/10\/premiere-vente-de-tableau\/\" target=\"_self\" >Premier tableau vendu<\/a><\/h2>\n\n<figure style=\"margin-top:calc(1.75 * var(--wp--style--block-gap));\" class=\"alignwide wp-block-post-featured-image\"><a href=\"https:\/\/francetteaventures.fr\/index.php\/2022\/11\/10\/premiere-vente-de-tableau\/\" target=\"_self\"  ><img loading=\"lazy\" decoding=\"async\" width=\"1890\" height=\"1433\" src=\"https:\/\/francetteaventures.fr\/wp-content\/uploads\/2022\/11\/IMG_2814.jpg\" class=\"attachment-post-thumbnail size-post-thumbnail wp-post-image\" alt=\"Premier tableau vendu\" style=\"object-fit:cover;\" srcset=\"https:\/\/francetteaventures.fr\/wp-content\/uploads\/2022\/11\/IMG_2814.jpg 1890w, https:\/\/francetteaventures.fr\/wp-content\/uploads\/2022\/11\/IMG_2814-600x455.jpg 600w, https:\/\/francetteaventures.fr\/wp-content\/uploads\/2022\/11\/IMG_2814-300x227.jpg 300w, https:\/\/francetteaventures.fr\/wp-content\/uploads\/2022\/11\/IMG_2814-1024x776.jpg 1024w, https:\/\/francetteaventures.fr\/wp-content\/uploads\/2022\/11\/IMG_2814-768x582.jpg 768w, https:\/\/francetteaventures.fr\/wp-content\/uploads\/2022\/11\/IMG_2814-1536x1165.jpg 1536w\" sizes=\"auto, (max-width: 1890px) 100vw, 1890px\" \/><\/a><\/figure>\n\n\n<div class=\"wp-block-columns alignwide is-layout-flex wp-container-core-columns-is-layout-28f84493 wp-block-columns-is-layout-flex\">\n<div class=\"wp-block-column is-layout-flow wp-block-column-is-layout-flow\" style=\"flex-basis:650px\"><div class=\"wp-block-post-excerpt\"><p class=\"wp-block-post-excerpt__excerpt\">La dame qui pousse un cri Tableau r\u00e9alis\u00e9 par Jean-Marc en 2022, en Martinique. Des traits de stylo imbriqu\u00e9s et r\u00e9p\u00e9t\u00e9s pour laisser entrevoir un visage. Vendu en novembre 2022. Images li\u00e9es: <\/p><\/div>\n\n<div style=\"font-style:italic;font-weight:400;\" class=\"wp-block-post-date has-small-font-size\"><time datetime=\"2022-11-10T02:18:38+01:00\"><a href=\"https:\/\/francetteaventures.fr\/index.php\/2022\/11\/10\/premiere-vente-de-tableau\/\">novembre 10, 2022<\/a><\/time><\/div><\/div>\n\n\n\n<div class=\"wp-block-column is-layout-flow wp-block-column-is-layout-flow\"><\/div>\n<\/div>\n\n\n\n<div style=\"height:16px\" aria-hidden=\"true\" class=\"wp-block-spacer\"><\/div>\n\n\n\n<hr class=\"wp-block-separator has-css-opacity alignwide is-style-wide\"\/>\n\n\n\n<div style=\"height:16px\" aria-hidden=\"true\" class=\"wp-block-spacer\"><\/div>\n<\/div>\n\n<\/li><\/ul>\n\n<\/div>\n<h3>Images li\u00e9es:<\/h3>","protected":false},"excerpt":{"rendered":"<p>Images li\u00e9es:<\/p>\n","protected":false},"author":1,"featured_media":0,"parent":0,"menu_order":0,"comment_status":"closed","ping_status":"closed","template":"","meta":{"ngg_post_thumbnail":0,"footnotes":""},"class_list":["post-1081","page","type-page","status-publish","hentry"],"jetpack_sharing_enabled":true,"featured_media_urls":[],"_links":{"self":[{"href":"https:\/\/francetteaventures.fr\/index.php\/wp-json\/wp\/v2\/pages\/1081","targetHints":{"allow":["GET"]}}],"collection":[{"href":"https:\/\/francetteaventures.fr\/index.php\/wp-json\/wp\/v2\/pages"}],"about":[{"href":"https:\/\/francetteaventures.fr\/index.php\/wp-json\/wp\/v2\/types\/page"}],"author":[{"embeddable":true,"href":"https:\/\/francetteaventures.fr\/index.php\/wp-json\/wp\/v2\/users\/1"}],"replies":[{"embeddable":true,"href":"https:\/\/francetteaventures.fr\/index.php\/wp-json\/wp\/v2\/comments?post=1081"}],"version-history":[{"count":2,"href":"https:\/\/francetteaventures.fr\/index.php\/wp-json\/wp\/v2\/pages\/1081\/revisions"}],"predecessor-version":[{"id":1087,"href":"https:\/\/francetteaventures.fr\/index.php\/wp-json\/wp\/v2\/pages\/1081\/revisions\/1087"}],"wp:attachment":[{"href":"https:\/\/francetteaventures.fr\/index.php\/wp-json\/wp\/v2\/media?parent=1081"}],"curies":[{"name":"wp","href":"https:\/\/api.w.org\/{rel}","templated":true}]}}